+ 6*b + 90, 5*b - 74 = -3*v. What is the greatest common factor of 14 and v?
14
Let m(x) = x**2 + 5*x + 2. Let c be m(-4). Let w = -1 - c. Let z be (17 + -4)*(2 + w). What is the highest common factor of z and 13?
13
Let c be -3*1*(-4)/1. Suppose 0*u = -5*d + 5*u + 55, 2*d - c = 4*u. Calculate the highest common factor of d and 16.
16
Suppose -5*q = -15, 5*y - 132 = 2*q + 22. Suppose -5*m + 112 - 32 = 0. What is the highest common factor of y and m?
16
Let l(f) be the third derivative of -7*f**6/60 - f**5/60 + f**3/6 - f**2. Let v be l(-1). Calculate the highest common factor of 70 and v.
14
Let d(s) = -30*s. Let g be d(-1). Suppose -19 = -5*p + 41. Calculate the greatest common divisor of g and p.
6
Let i be -1*(-4)/(-2 + 3). Suppose -3*r + 5*c = -413 + 52, -i*c = 2*r - 270. Let v = -91 + r. What is the greatest common factor of v and 9?
9
Let x be 6 + 1*6/(-3). Let q be -6*((-8)/(-6))/x. Let c = 13 + q. Calculate the highest common factor of 110 and c.
11
Suppose -3 = -k - 3*f, 12 = k + 3*k + 4*f. What is the highest common factor of k and 24?
3
Suppose 4*t - 112 = -0*t. Calculate the highest common divisor of t and 70.
14
Let v(k) = k**2 - 2*k - 5. Let o be v(4). Let m(w) = 6*w**2 - 2*w + 4. Let t be m(o). Calculate the highest common divisor of 13 and t.
13
Suppose -23*b = -18*b - 35. What is the greatest common divisor of b and 49?
7
Let m be ((-18)/15)/((-2)/(-10)). Let r be m/(-4)*(-88)/(-6). Let k = r + -9. Calculate the highest common divisor of 52 and k.
13
Let l(s) = s + 1. Let y(k) = -k. Let n(f) = -7*l(f) - 6*y(f). Let r be n(0). Let c = 10 + r. Calculate the highest common factor of 12 and c.
3
Let f = 41 - -1. Calculate the greatest common divisor of 14 and f.
14
Suppose 0 = l + 4*s - 8, 3*l - 4*l - 4 = -2*s. Suppose 5*i + 3*k = 119, l = -3*i + 2*k + 3*k + 51. Calculate the highest common divisor of i and 2.
2
Let l(d) = d**2 + 7*d + 12. Let p be l(-10). Calculate the greatest common divisor of p and 28.
14
Let n be 1*(5 - 0) + -2. Suppose 6*s - n*s = 12. Suppose 104 = s*g + 4*j, 2*j - 2 = j. What is the greatest common divisor of 36 and g?
12
Let g be (-6)/(-15) + (1 - (-39)/15). What is the highest common divisor of g and 12?
4
Let r be (-1)/((-1)/77 + 0). Let n be (5 - (-8)/(-4))*1. Let i = 10 - n. What is the greatest common factor of i and r?
7
Let u = 20 + -19. Let a(p) = -2*p - 8. Let b be a(-6). Calculate the greatest common factor of b and u.
1
Let z be (-36)/(-10) + 2/5. Suppose -z*k + 8 = -0*k. Suppose 5*r - 130 = -5*d, -3*d = -5*r - 84 - k. What is the highest common factor of d and 9?
9
Suppose 1 = -3*v + 4. Suppose -2*l + b - v = 0, b = 3*l - 0*b + 3. Let k(y) = 5*y**2 - 2*y. Let r be k(l). Calculate the greatest common factor of 60 and r.
12
Let g(i) = i**2 - 8*i + 2. Let o be g(6). Let w = 0 - 1. Let z = w - o. Calculate the greatest common divisor of 81 and z.
9
Let p(z) = 5*z**3 - 8*z**2 + 7*z - 10. Let t be p(5). Calculate the highest common divisor of t and 45.
45
Let m = 21 + -20. Calculate the greatest common divisor of m and 10.
1
Let a = 0 + 7. Calculate the highest common divisor of a and 21.
7
Suppose 0 = -3*p - 0 + 9. Suppose 8 = -3*s + p*a + 2*a, -20 = -5*a. Calculate the greatest common factor of s and 4.
4
Let z be (-2)/1*(-45)/10. Calculate the highest common divisor of z and 9.
9
Let t(c) = 6*c**2 + 9*c - 4. Let n be t(2). Calculate the highest common divisor of 95 and n.
19
Let g = 15 + -7. Let l be (2/(-4))/(5/20). Let h = l + 4. Calculate the greatest common factor of h and g.
2
Let a(z) = 3*z - 2*z + 6*z + z**2 - z. Let l be a(-7). What is the highest common divisor of l and 7?
7
Let k be (-2)/3 + (-431)/(-3). Let j(f) = 14*f**2 - f. Let m be j(1). Calculate the greatest common factor of m and k.
13
Let b be -2 + 98/2 + -2. What is the highest common factor of 18 and b?
9
Let i be -3 - (1/(-1) + -72). What is the greatest common divisor of 10 and i?
10
Suppose 2*t - 5*t + 567 = -4*m, -5*t - m = -945. Calculate the greatest common factor of 21 and t.
21
Let i = -47 + 98. Calculate the highest common divisor of 3 and i.
3
Suppose -q = -5*r + 17, -q + r + 5 - 2 = 0. Let d = 117 + q. Calculate the greatest common divisor of d and 50.
25
Suppose 5*n = 2*y - 25, 5*y - 4*n - 100 - 5 = 0. Calculate the highest common factor of 225 and y.
25
Let g(w) = 3*w**2 + 3*w + 6. Let s be g(-2). Calculate the greatest common factor of 18 and s.
6
Let p = -6 + 12. What is the highest common divisor of p and 3?
3
Suppose 0 = 3*m + 21 - 96. What is the highest common divisor of m and 5?
5
Let p = -13 - -35. Let u = p + 13. Calculate the highest common factor of u and 14.
7
Let d = -5 + 12. Calculate the greatest common divisor of d and 77.
7
Let a = -2 - -15. Let l = 19 - a. Calculate the highest common factor of l and 12.
6
Suppose 3*m + 615 = 6*m. Calculate the highest common divisor of m and 82.
41
Suppose 0*d = d - 104. Let t be (-6)/(-27) - 460/(-36). Calculate the highest common divisor of d and t.
13
Suppose -k + 4 + 126 = 0. Calculate the greatest common factor of 52 and k.
26
Suppose 4*t - 3*t = 10. Calculate the highest common divisor of 15 and t.
5
Let v be (-9)/4 + 1/4. Let d be 11/2 - v/4. Calculate the highest common divisor of d and 6.
6
Suppose 3*s + 0*s - 42 = 0. Let x be (-4)/s + 79/7. What is the greatest common factor of x and 33?
11
Suppose 0 = y + 4 - 15. Let c be 4/14 - (-19)/7. Suppose 17 = c*n - 82. What is the highest common factor of n and y?
11
Let v be (-120)/(-18)*(-21)/(-2). What is the highest common divisor of 14 and v?
14
Suppose -m + 19 + 62 = 0. What is the highest common divisor of m and 9?
9
Suppose 168 = 4*h - g, -2*h = -7*h + 2*g + 213. Suppose 2*s - 14 = 3*c + 64, -s + c = -h. Calculate the greatest common divisor of s and 30.
15
Suppose 2*j = -2*j + 2*f + 740, -j + 4*f + 178 = 0. Calculate the highest common factor of j and 31.
31
Let m be (1 - 5)*(-195)/(-40)*-2. What is the highest common factor of m and 78?
39
Let f(j) = 2 + j**3 + 5*j**2 + 2 - 6 - 1 - 3*j. Let w be f(3). What is the greatest common divisor of 12 and w?
12
Let l = -7 + 10. Suppose 14 = 4*y - l*j, -4*y - 6*j = -3*j - 26. Suppose 5*t = 2*t - 3*m + 3, -y*t + 20 = 2*m. Calculate the greatest common factor of t and 18.
6
Suppose -o + 75 = 5*u, 3*u = -4*o + o + 33. Calculate the highest common factor of 16 and u.
16
Let b be (-130)/(-39)*(48 - 0). What is the greatest common divisor of 64 and b?
32
Suppose 0 = 2*r - 0*r + 4*l - 220, 0 = 4*r + 3*l - 415. Suppose -3*h + 2*h = 5*z - 133, -r = -4*z - 4*h. Calculate the highest common factor of z and 3.
3
Let x be 2/(-3) - (-55)/15. Suppose 2*i - 82 = -i - 2*o, -4*i = -x*o - 81. Calculate the greatest common divisor of 16 and i.
8
Suppose 0 = 3*f - 5*a - 9 - 26, 2*a + 18 = 2*f. Suppose -m - f*n = -43, -3*m + 4*n + 97 = 3*n. Calculate the greatest common divisor of 11 and m.
11
Let v(l) = 3*l**2 + 11*l - 2. Let o(w) = 13*w**2 + 45*w - 8. Let d(y) = -2*o(y) + 9*v(y). Let n be d(7). Calculate the greatest common factor of n and 10.
10
Suppose 11 + 4 = v. Let u be (-8)/(-44) - 423/(-33) - 3. What is the greatest common divisor of u and v?
5
Suppose 4*y - 3*q - 14 = 0, y + 3*q = 2*q. Suppose 0 = -m - y*m + 33. What is the greatest common divisor of 77 and m?
11
Suppose 0 = i - 2*i + 9. Calculate the highest common factor of 9 and i.
9
Let m be 4*(-2)/4 - 10. Let h be m/(-2) + -3*1. Suppose 27 = h*t - 3. What is the greatest common factor of 2 and t?
2
Suppose -2*w = -5*t + 8, -2*w + 37 = -7*w + 4*t. Let i(o) = -13*o. Let m be i(w). Calculate the highest common divisor of 13 and m.
13
Suppose -3*h - 4 = -2*u, 0*u = -5*h + 3*u - 5. Suppose -3*k + 6*d = h*d - 56, d = 4*k - 66. What is the greatest common divisor of 8 and k?
8
Let k(v) = -v**3 - v - 25. Let b be k(0). Let m be -6*(-2)/((-6)/b). Calculate the greatest common factor of m and 5.
5
Let v be (3/(-2))/((-42)/280). Let j be 384/15 - 6/v. What is the highest common factor of 200 and j?
25
Let l = -4 - -147. What is the greatest common divisor of 13 and l?
13
Let k = 1 + 11. Suppose -5*d - 56 = -6. Let q be ((-6)/d)/((-3)/(-15)). Calculate the highest common divisor of q and k.
3
Suppose 0 = 6*l - l - 10. Suppose -8*x + l*x + 306 = 0. What is the highest common factor of x and 17?
17
Suppose -3*j + 328 = 4*f, 9